-6)*(0 + 30)?
9
Let l = -432 - -757. What is the units digit of l?
5
Let v = -8 - -28. Let s = v - 4. What is the units digit of s?
6
Let w(b) = b**3 - 6*b**2 - 5*b - 14. Let d be w(7). What is the units digit of (d + 1)*(57 + -4)?
3
Let z = -3 + 4. What is the units digit of (34/85)/(z/5)?
2
Let m(g) = -3*g + 0*g + 6*g + 31. What is the units digit of m(19)?
8
Suppose -5*s = -25, -110 + 911 = f + 2*s. What is the tens digit of f?
9
Let a(c) = -95 + 7*c + 48 + 50. What is the units digit of a(2)?
7
Suppose -88*w + 118028 = -12*w. What is the hundreds digit of w?
5
Suppose 0 = -4*r - 0*t - t + 295, -4*r - 4*t + 280 = 0. Suppose r = 7*s - 2*s. What is the tens digit of s?
1
Let t(y) = -y**3 + 10*y**2 + y - 6. What is the tens digit of t(8)?
3
Suppose -7*i = -8*i + 1977. What is the tens digit of i?
7
Let a(c) = 4*c**3 + 5*c**2 - 2*c + 2385. What is the tens digit of a(0)?
8
Let a(c) = 212*c**2 + 31*c + 2. What is the tens digit of a(-4)?
7
Suppose 11 = -a - 2*r, -4*r + 2*r - 62 = 4*a. Suppose -2 = 13*q - 12*q, -4*y + 3*q = -94. Let t = y + a. What is the units digit of t?
5
Suppose 4*k - 7*k + 5*t + 130 = 0, -3*k + 2*t = -115. What is the units digit of k?
5
Let i(k) = k**2 + k - 1. Let l(p) = 121*p**3 + 3*p**2 + 3*p - 4. Let f(g) = -2*i(g) + l(g). What is the units digit of f(1)?
1
Let d = -8 - -1. Let u be ((-6)/(-8))/(d/(-84)). What is the units digit of (-6 - -1)*u/(-15)?
3
Let u = 26 - 27. What is the tens digit of (u - 25)*(-20)/8?
6
Suppose 21870 = -6*a + 24*a. What is the units digit of a?
5
Let f(x) be the second derivative of x**3/3 + 3*x**2/2 + 2*x. What is the units digit of f(7)?
7
Let b(t) = t - 3. Let i be b(7). Let g be (i - 10)/(3/(-2)). Suppose 120 = g*f - 3*r - 5, r + 170 = 5*f. What is the units digit of f?
5
Suppose -2*h - 4*j + 288 = 0, -5*h + 2*h + 452 = -4*j. What is the hundreds digit of h?
1
Let v(m) be the first derivative of m**4/4 - 2*m**3/3 - m**2 - 3*m - 4. Let g be v(3). Suppose g*t - 276 = -4*t. What is the tens digit of t?
6
Let g be -2 + 9 + 3/(-1). Suppose -2*t - 3*t = -2*i - 320, -g*i = -3*t + 206. Let y = t - 44. What is the tens digit of y?
1
Let i(j) = -25*j - 148. Let t be i(-6). Let p be -2 + 5*2/2. Suppose p*f + 2*f = -t*s + 107, 5*s - 3*f = 190. What is the tens digit of s?
4
Suppose -3*p = i + 16, 43 = -4*p + 4*i - i. Let l(t) = -t - 4. Let j be l(p). Suppose 25 = a + 4*h, 4*a - j*h = -h + 100. What is the tens digit of a?
2
Let s(i) = i**3 - 3*i**2 + i - 4. Let o = 36 + -26. Let d be 1/(12/o - 1). What is the units digit of s(d)?
1
Let g(c) = -c**2 - 6*c + 6. Let q = 3 + -36. Let b be q/6 + (-1)/2. What is the units digit of g(b)?
6
Let d be 4/10 + (-2256)/(-60). Let c = d - 23. What is the tens digit of c?
1
Let n(h) = -h**3 - 47*h**2 + 87. What is the tens digit of n(-47)?
8
Let h(m) be the third derivative of m**6/120 - m**5/6 - m**4/8 + m**3/3 - 43*m**2. What is the tens digit of h(12)?
5
Suppose -5*m = 3*p - 111, -3*m - 36 = -4*m + 4*p. Let d = -15 - -41. Let z = d + m. What is the tens digit of z?
5
Let z be ((-3)/6)/(2/(-20)). Suppose 3*j + 2 = z. What is the units digit of (j - -1) + (-1 - 0)?
1
Let a be (-3420)/(-14) + 30/(-105). Suppose 2*z = 6*z - a. What is the units digit of z?
1
Let p = 507 - 254. What is the tens digit of p?
5
Let f(s) = -455*s**3 + 6*s + 2. What is the hundreds digit of f(-2)?
6
Let n = -141 + 342. Suppose -3*r + n = 2*b - 0*b, 0 = -5*b - 3*r + 489. What is the tens digit of b?
9
Let g(v) = v**2 + 5*v + 7. Let k be g(-4). Suppose w + 5 - 15 = k*r, 3*r + 14 = -w. What is the tens digit of r/6 + (-184)/(-6)?
3
What is the hundreds digit of -4 + (73*(-18)/(-3) - -3)?
4
Let z(f) = -f**3 - 5*f**2 - f + 2. Let k be z(-5). Suppose -i + k*i = 804. What is the units digit of i?
4
Let f be (-34)/(((-10)/(-5))/(-1)). Suppose c - 2 - f = 0. What is the tens digit of c?
1
What is the hundreds digit of (168340/(-228))/(5/(-6))?
8
Suppose -4 = u - 2*u, -416 = -2*p - 4*u. What is the hundreds digit of p?
2
Let s(y) = -6 - 6 + 40*y + 19 - 9. What is the units digit of s(1)?
8
Let d(g) be the second derivative of -g**5/20 + 5*g**4/12 + g**3/3 - g**2/2 - 4*g. Let y be d(5). Let u = y - -19. What is the tens digit of u?
2
Let z(p) = -p**2 - 11*p + 7. Let l be z(-9). Suppose -6*a = -a + 100. Let k = l + a. What is the units digit of k?
5
Let b(v) = 2*v**2 - 3*v - 17. Let y(p) = p + 23. Let q be y(-15). What is the units digit of b(q)?
7
Suppose 5*d + 3*b - 239 = -0*b, 4*d - b = 181. What is the tens digit of d?
4
Suppose 81*w - 99*w + 8298 = 0. What is the units digit of w?
1
Let u be (0/(-2))/(-2) - -146. Let a = 210 - u. Suppose -5*c + c - a = -2*s, 5*c + 20 = 0. What is the tens digit of s?
2
What is the tens digit of 362 + (-7 - -2) + 7?
6
Let p(c) be the third derivative of c**5/60 + 3*c**4/8 + c**3 - 5*c**2. Suppose 5 = -5*u, 0 = -0*d - d + u - 8. What is the units digit of p(d)?
6
Let n be (-2)/(-6) + (-3)/(45/50). Let f be ((-3)/2)/((-3)/18). Let d = n + f. What is the units digit of d?
6
Suppose 471*o - 460*o - 31757 = 0. What is the units digit of o?
7
Suppose y = g + 1226, 3*y = -4*g + 2448 + 1216. What is the units digit of y?
4
Let y = 4112 - 2877. What is the thousands digit of y?
1
Let a(g) be the second derivative of -1/3*g**4 - 1/20*g**5 - 4*g - 7/2*g**2 + 1/6*g**3 + 0. What is the units digit of a(-5)?
3
Suppose 51*u - 36148 = 19187. What is the hundreds digit of u?
0
Let o(z) be the third derivative of -z**5/20 - z**4/4 - 7*z**3/6 + 5*z**2. Let q be o(-3). Let y = q + 25. What is the units digit of y?
9
Let m(f) = -f**2 + 17*f + 15. Suppose -17 = -2*b + 39. Let x = b + -13. What is the tens digit of m(x)?
4
Let c(s) = s**2 + s + 9. Let m be c(5). What is the units digit of (-12)/(-3)*(-1 + m/6)?
2
Let s be (3/6)/(1/6). Suppose -5*z + 43 = s*r, -r + 2*z + 14 = 3*r. What is the units digit of r?
6
Let o(w) = 17*w + 70. Let u be o(-4). Let v(k) = -13*k - 3. Let a be v(-3). Suppose -u*t + 4*t = a. What is the tens digit of t?
1
Suppose -24 = 2*i - 8*i. Suppose 2*g = -i*f + 132, -4*f = 3*g - 134 - 2. Let j = 76 - f. What is the tens digit of j?
4
Let w(r) = -r**2 + 9*r + 14. Let a(v) = -v**2 - 19*v - 27 - 2*v**2 + 6*v**2 - v**2. Let o(i) = -4*a(i) - 7*w(i). What is the units digit of o(10)?
0
Let f be (-1 - (-21804)/(-10)) + 52/130. What is the tens digit of 4/16 + f/(-12)?
8
Suppose 4061 = u + j - 205, j = -2*u + 8535. What is the thousands digit of u?
4
Suppose 15 + 0 = 5*f. Let s be (f + 1)/4 - -2. What is the units digit of (1 - 2)*s + 18?
5
Let r be (-291 - -12)*(-40)/6. What is the units digit of (r/80)/(3/8)?
2
Let k = 1325 - 648. What is the tens digit of k?
7
Suppose -2*n + 40*j - 43*j = -8105, 36565 = 9*n - 5*j. What is the hundreds digit of n?
0
Let h be 366/((-4)/(-2)) + -1. Suppose 42 = -4*v + h. Suppose q - v = -5*p, 3 + 30 = 3*p + 3*q. What is the units digit of p?
6
Let l(n) = 19*n - 8. Let i be l(8). Suppose 6*j - 3*j = i. What is the tens digit of j?
4
Suppose 11 = 2*s + 5. Suppose 6*q - v = q + 220, -132 = -3*q + s*v. What is the tens digit of q?
4
Let d(c) = -7*c + 18. Let b be d(-8). What is the units digit of b + (15/3 - 1)?
8
Let n(s) = -2*s. Let i be n(-2). Suppose -5*z + 5 + 5 = 5*c, 5*z = i*c - 17. What is the units digit of 2*(8 - (-4)/z)?
8
Let r(w) = w + 11. Let v be r(-11). Suppose 0 - 69 = 4*u + 3*n, 5*n - 5 = v. Let x = 23 + u. What is the units digit of x?
5
Let b = -75 + 81. Suppose -v + 140 = b*v. What is the tens digit of v?
2
Suppose 6*r - 182 - 2482 = 0. Suppose 5*p - r = 206. What is the tens digit of p?
3
Let q(y) = -19*y + 106. What is the hundreds digit of q(-8)?
2
Suppose 0 = -5*k - 4*z + 2960, -3*z + 2367 = -16*k + 20*k. What is the units digit of k?
8
What is the units digit of 108/72*46/3?
3
Let r be ((-1449)/18 - (-2)/4)/(-1). Let q be (-4221)/(-15) - (-6)/(-15). Suppose -4*y = 5*n - q, -y + n = -n - r. What is the tens digit of y?
7
Let c be ((-56)/(-6))/(21/(-18) - -1). Let k = 145 + c. What is the units digit of k?
9
Let a(v) = v**3 - v**2 - 6*v + 11. Let q be a(5). Suppose -c + 3*c = 2*r + 172, -4*r = c - q. What is the units digit of c?
5
What is the hundreds digit of -7354*2*(-2 + (-35)/(-20))?
6
Suppose 4*d - 2*y - 2332 = 0, 3*d - 2472 + 737 = 5*y. What is the tens digit of d?
8
Let q = -96 + 245. Suppose 0 = 2*f - 2